e the prime factors of f?
2, 83
Let r be (-1)/(-3) + 2702/(-42). Let q = r - -114. What are the prime factors of q?
2, 5
Let j = 98 + -35. Let o = 110 - j. What are the prime factors of o?
47
Suppose v = -0*v + 2*i, -3*v = -i. Suppose 6*s + 332 = 2*j + s, v = 3*j + 3*s - 540. List the prime factors of j.
2, 11
Let t(m) = m + 0*m + 12 - 11. Let g be t(4). What are the prime factors of 82/10 + (-1)/g?
2
Let v(g) = g**3 + g**2 - 6*g + 4. List the prime factors of v(5).
2, 31
Let a(w) be the second derivative of 13*w**3/6 + w**2/2 + 5*w. What are the prime factors of a(6)?
79
Suppose 332 = w - 6*q + 2*q, -3*w = q - 944. List the prime factors of w.
2, 79
Suppose 19*r - 56098 + 5330 = 0. What are the prime factors of r?
2, 167
Let o be (-117)/(-6) + (-18)/(-12). Let j = o - 18. Suppose 0 = -s - 2*s - 3*f + 12, -j*s + 14 = 2*f. What are the prime factors of s?
2, 3
Let d be (-4)/6 - 28/(-6). Suppose 0 = -10*t + 11*t - 6. Suppose -3*j - t = -d*j - p, 14 = 4*j - p. List the prime factors of j.
2
Suppose 5*k + 78 = -4*l, -3*l - 2*k = 2*k + 58. List the prime factors of ((1 - 0) + l)/(4/(-12)).
3, 7
Suppose 181 = 2*d + 15. Let j be (-5607)/(-147) - 2/14. Let c = d - j. What are the prime factors of c?
3, 5
Let s be (3/(-2))/((-6)/72). Let b = 26 - s. What are the prime factors of ((-12)/8 - -3)*b?
2, 3
What are the prime factors of 1*5 - (-964 - (10 - 15))?
2, 241
Suppose 4*o - 4185 - 495 = 0. What are the prime factors of o?
2, 3, 5, 13
Suppose -5*v = -3*x - 909, -3*x - 726 = -2*v - 2*v. Suppose -4*y + 7 = -1. Suppose -5*g + y*g + v = 0. What are the prime factors of g?
61
Suppose 5*m - 10*m + 9080 = 0. List the prime factors of m.
2, 227
Let y(z) = -z**2 - 5*z + 232. What are the prime factors of y(0)?
2, 29
List the prime factors of 1*-7 + 45 + 135.
173
Suppose 8*v - 9862 = 12858. What are the prime factors of v?
2, 5, 71
Let n(z) = 181*z - 28. List the prime factors of n(7).
3, 7, 59
Suppose -13*i = -15*i + 80. Suppose -y + 14 = -i. What are the prime factors of (y/(-15))/(9/(-120))?
2, 3
Let o(c) = -c + 20. Let b be o(17). Suppose -b*s = 5 + 7. Let y = 6 + s. What are the prime factors of y?
2
Suppose -5*i + 2620 = -5*m, 4*i + 1068 = 6*i + 3*m. What are the prime factors of i?
2, 3, 11
Suppose -308 = -8*k + k. List the prime factors of k.
2, 11
What are the prime factors of 4 + -5 + 15255/9?
2, 7, 11
Let l(j) = j + 4. Let p be l(-3). Let c be 4 - p - 0/4. Suppose c*r - 39 = 2*r. What are the prime factors of r?
3, 13
Let p be (-2)/7 + 800/7. Suppose -15*r + p = -13*r. What are the prime factors of r?
3, 19
Suppose -4375 = 27*r - 32*r. List the prime factors of r.
5, 7
Suppose 0 = -5*b + 20, 3*z - 16 = -0*z - 4*b. What are the prime factors of (z + 20/8)*(2 - -2)?
2, 5
Let b(a) = a**2 - 2*a - 1. Let z be b(-1). Suppose 0 = z*x - 32 - 146. Let t = x + -59. What are the prime factors of t?
2, 3, 5
Let o(q) = -q + 11. Let g be 3/(-2) + (-75)/(-10). Let a be o(g). Suppose a*f = 10, -n + f = -22 - 16. What are the prime factors of n?
2, 5
Suppose j = 4*a - j + 18, 50 = -5*a - 3*j. Let r(t) = -5*t + 11. List the prime factors of r(a).
2, 23
Suppose -17 = u + 4. Let n = 16 + u. What are the prime factors of 3/3*(n - -45)?
2, 5
Suppose 88888 = -9*g + 50*g. What are the prime factors of g?
2, 271
Suppose 0 = -6*n + 3 + 15. Suppose -5*s + 2*g + 595 = -n*g, -3*s = 3*g - 339. What are the prime factors of s?
2, 29
Let b(n) = n**2 - 5*n + 4. Let k be b(4). Suppose k = j + 6. Let o(x) = -x + 7. List the prime factors of o(j).
13
Suppose 847 = 6*r - 497. Suppose 2*n - 15 = -3*i + 193, -2*n = -3*i + r. What are the prime factors of i?
2, 3
Suppose 0 = -5*p - 2 + 157. What are the prime factors of (p/((-2)/2))/((-2)/12)?
2, 3, 31
Suppose 0*c = -c + 2. Let l(k) = -c + k + 5*k - 7*k - 2*k. List the prime factors of l(-13).
37
Let w(j) = -j**3 + 8*j**2 + 6*j. Let h be w(7). Suppose -26 + h = 5*r. List the prime factors of r.
13
Let m(a) = -5*a + 21. Let j be m(5). Let l(v) = -22*v - 10. List the prime factors of l(j).
2, 3, 13
Suppose 2*k = -3*o - 6, 0*o = 2*o. Let r = 7 + k. Suppose 0*t = -t + r, -3*w + 34 = -5*t. What are the prime factors of w?
2, 3
Suppose -35*u = -3*u - 121216. List the prime factors of u.
2, 947
Let l be ((-2)/(-4))/(7/14). Let m(o) = o - 3. Let h(s) = s - 4. Let a(k) = -4*h(k) + 5*m(k). List the prime factors of a(l).
2
Let d(m) = -12 + 5*m**2 - 4*m + 12 - 4*m**2. Let k be d(5). Suppose 13 = -4*i - k*u, 8*i - 3*i + 2*u = 5. List the prime factors of i.
3
Let z(r) = -r**3 - 4*r**2 + 9*r + 6. Let k be z(-10). Suppose -12*s + k = -8*s. List the prime factors of s.
3, 43
Let j = 642 - 253. Let i = 592 - j. What are the prime factors of i?
7, 29
Suppose -6 = 3*o, -9*k - o = -5*k - 1698. What are the prime factors of k?
5, 17
Let a = 457 - 316. What are the prime factors of a?
3, 47
Let f = 752 + -406. What are the prime factors of f?
2, 173
Let k(a) = 11*a**2 + 69. List the prime factors of k(7).
2, 19
Let v(m) = 35*m - 65. List the prime factors of v(17).
2, 5, 53
Suppose 10*v + 4526 = 12146. List the prime factors of v.
2, 3, 127
Let x(i) = -i**3 + 4*i**2 - 5*i + 5. Let u be x(2). Suppose -7*j = -u*j - 64. What are the prime factors of j?
2
Suppose -1125 = -2*z - 3*z - b, 1125 = 5*z - 3*b. Let w be z/60*(-32)/(-6). What are the prime factors of 21/2 + 10/w?
11
Let s(i) = i**2 - 62*i + 538. List the prime factors of s(0).
2, 269
Let y be (-9)/(-2)*6/(-9). What are the prime factors of y - (2 - 2) - -53?
2, 5
Let a = 206 + -110. List the prime factors of a.
2, 3
Suppose -226*x = -222*x - 3*p - 4459, 5*p = 15. List the prime factors of x.
1117
Let r = 404 + -97. List the prime factors of r.
307
Let b(h) = 3*h**3 - 141*h**2 + 46*h - 51. What are the prime factors of b(47)?
2111
Let n(s) be the second derivative of s**3/3 + 13*s**2/2 - s. Let t be n(-11). Let y(d) = d**3 + 8*d**2 - 9*d + 11. What are the prime factors of y(t)?
11
Suppose 3*w + 13 = 25. Suppose 47 = 5*u - 2*t, -2*t = u - w*t - 11. What are the prime factors of u?
3
Let g(d) = -17*d. Let c be g(-8). Suppose -4*n = -3*n - 2*a + 27, 4*n = a - c. Let o = n - -78. List the prime factors of o.
43
Let c(g) = g**3 + 23*g**2 + 33*g + 49. List the prime factors of c(-14).
7, 193
Suppose 2*f + 1 = 11. Suppose -v + 6 = -4*v, j + f*v - 65 = 0. List the prime factors of j.
3, 5
What are the prime factors of (-8)/32 + 419007/76?
37, 149
Let y(f) = -f**3 + 6*f**2 - 4*f - 4. Suppose 1 + 2 = -3*a, -4*m = -a - 21. Let q be y(m). List the prime factors of (q - -2)/(6/26).
13
Suppose -4*c = 2*f - 1298, -13*c - 2*f = -18*c + 1609. What are the prime factors of c?
17, 19
Suppose v = n + 2531 + 75, -2*v + 3*n = -5210. List the prime factors of v.
2, 163
List the prime factors of -20*(-7)/56 - (-5031)/2.
2, 1259
Let x = 51 - 44. Suppose 184 = x*o - 747. What are the prime factors of o?
7, 19
Let g(w) = 6*w**2 - 5*w + 1. Let u be g(8). Suppose -u = -2*d - 3*d. Let o = d + -27. What are the prime factors of o?
2, 3, 7
Suppose 60*n = 56*n + 3024. What are the prime factors of n?
2, 3, 7
Suppose 1152 + 399 = 11*c. List the prime factors of c.
3, 47
Suppose 7*i - 6 = 8. Suppose 2*x - b - 281 = -i*b, x = -b + 140. List the prime factors of x.
3, 47
Let k = -13 + 18. Let r be 8/20 + 78/k. What are the prime factors of (r/10)/((-1)/(-10))?
2
Let m = 3193 - 1123. List the prime factors of m.
2, 3, 5, 23
Suppose -5*p + 2*x + 8 = 6*x, 2*p - 3*x + 6 = 0. Let n be p + 2 + 7/(-7). Suppose 0*w - n = s + 4*w, 5*s - 2*w = 105. What are the prime factors of s?
19
Let v = 2487 + -1763. List the prime factors of v.
2, 181
Let o(q) = -37*q. What are the prime factors of o(-11)?
11, 37
Suppose 3*o + v - 43 = -6, -10 = -2*o + 3*v. Suppose -7*h = -o - 297. What are the prime factors of h?
2, 11
Suppose -20 = y - 1. Let r be 57/y*(-1 - 14). Suppose 6*j - 5 = j, -j = 2*i - r. What are the prime factors of i?
2, 11
List the prime factors of 18/(-2) + (1781 - 121).
13, 127
Suppose 3*b + 0*b - 288 = 0. Let m = b + 4. What are the prime factors of m?
2, 5
Let d be (-1432)/(-14) - 16/56. Let i = -220 - -147. Let j = i + d. What are the prime factors of j?
29
Let u = 226 - 233. Suppose -176 = -5*v + 14. Let c = v - u. List the prime factors of c.
3, 5
List the prime factors of (17604/(-7))/(-6) - (-1)/(-7).
419
Suppose -5 = -2*u + 5*t + 6